{"id":6807,"date":"2024-08-07T09:06:14","date_gmt":"2024-08-07T07:06:14","guid":{"rendered":"https:\/\/annajuchniewicz.pl\/sklep\/?post_type=product&#038;p=6807"},"modified":"2024-08-07T09:06:49","modified_gmt":"2024-08-07T07:06:49","slug":"sesja-hipnoterapii-33-pytania-i-odpowiedzi","status":"publish","type":"product","link":"https:\/\/annajuchniewicz.pl\/sklep\/produkt\/sesja-hipnoterapii-33-pytania-i-odpowiedzi\/","title":{"rendered":"Sesja Hipnoterapii- 33 pytania i odpowiedzi"},"content":{"rendered":"<p><strong>Odkryj swoj\u0105 prawdziw\u0105 natur\u0119 z darmowym ebookiem o hipnozie!<\/strong><\/p>\n<p>Czy kiedykolwiek zastanawia\u0142e\u015b si\u0119, kim naprawd\u0119 jeste\u015b? Czy chcia\u0142by\u015b odkry\u0107 swoje najg\u0142\u0119bsze prawdy i zrozumie\u0107, co naprawd\u0119 kieruje Twoim \u017cyciem? Je\u015bli tak, mamy dla Ciebie idealne rozwi\u0105zanie \u2013 darmowy ebook, kt\u00f3ry wprowadzi Ci\u0119 w fascynuj\u0105cy \u015bwiat hipnozy i pomo\u017ce odkry\u0107 Twoj\u0105 prawdziw\u0105 natur\u0119!<\/p>\n<p><strong>Dlaczego warto si\u0119gn\u0105\u0107 po t\u0119 ksi\u0105\u017ck\u0119?<\/strong><\/p>\n<p><strong>Twoja podr\u00f3\u017c do \u0179r\u00f3d\u0142a:<\/strong> Nasze \u017cycie cz\u0119sto prze\u017cywamy na autopilocie, nie\u015bwiadomie pod\u0105\u017caj\u0105c utartymi \u015bcie\u017ckami. Ten ebook pomo\u017ce Ci zrozumie\u0107, jak dzi\u0119ki stanom transu mo\u017cna podnie\u015b\u0107 swoj\u0105 \u015bwiadomo\u015b\u0107, kieruj\u0105c si\u0119 intuicj\u0105 oraz s\u0142uchaj\u0105c g\u0142osu w\u0142asnego serca. Dowiesz si\u0119, jak \u015bwiadomie wibrowa\u0107 w \u015awietle, \u017cyj\u0105c pe\u0142ni\u0105 \u017cycia.<\/p>\n<p><strong>Praktyczne narz\u0119dzia:<\/strong> Poznasz konkretne techniki wykorzystania hipnozy do pracy z pod\u015bwiadomo\u015bci\u0105. Nauczysz si\u0119 uzdrawia\u0107 traumy i odkrywa\u0107 swoj\u0105 prawdziw\u0105 natur\u0119, co pozwoli Ci na g\u0142\u0119bsze zrozumienie siebie. Ta wiedza otworzy przed Tob\u0105 zupe\u0142nie nowe mo\u017cliwo\u015bci.<\/p>\n<p><strong>FAQ \u2013 Wszystko, co chcesz wiedzie\u0107:<\/strong> Nasz ebook zawiera jasne i konkretne odpowiedzi na najcz\u0119\u015bciej zadawane pytania dotycz\u0105ce hipnozy i transu hipnotycznego. Dzi\u0119ki temu lepiej zrozumiesz ten proces i b\u0119dziesz gotowy do rozpocz\u0119cia w\u0142asnej praktyki.<\/p>\n<p><strong>Co znajdziesz w \u015brodku?<\/strong><\/p>\n<ol>\n<li><strong>Wprowadzenie do hipnozy:<\/strong>\n<ul>\n<li>Co to jest hipnoza?<\/li>\n<li>Czy hipnoza naprawd\u0119 dzia\u0142a?<\/li>\n<li>Czy poprzez hipnoz\u0119 mo\u017cna rozwija\u0107 si\u0119 duchowo?<\/li>\n<\/ul>\n<\/li>\n<li><strong>Techniki i zastosowania:<\/strong>\n<ul>\n<li>Jak wykorzysta\u0107 hipnoz\u0119 do pracy z pod\u015bwiadomo\u015bci\u0105?<\/li>\n<li>Czy ka\u017cda hipnoza to autohipnoza?<\/li>\n<li>Jakie s\u0105 r\u00f3\u017cnice mi\u0119dzy medytacj\u0105 a autohipnoz\u0105?<\/li>\n<\/ul>\n<\/li>\n<li><strong>Praktyczne aspekty:<\/strong>\n<ul>\n<li>Jak wej\u015b\u0107 w hipnoz\u0119?<\/li>\n<li>Co si\u0119 dzieje podczas sesji hipnozy?<\/li>\n<li>Czy hipnoza to inny stan \u015bwiadomo\u015bci?<\/li>\n<li>Jak \u015bwiadomie wej\u015b\u0107 w trans hipnotyczny?<\/li>\n<\/ul>\n<\/li>\n<li><strong>Mity i fakty:<\/strong>\n<ul>\n<li>Czy hipnoza to kontrola umys\u0142u?<\/li>\n<li>Czy mo\u017cna si\u0119 nigdy nie wybudzi\u0107 z hipnozy?<\/li>\n<li>Jakie s\u0105 skutki uboczne lub ryzyko hipnozy?<\/li>\n<\/ul>\n<\/li>\n<\/ol>\n<p><strong>Gotowy na transformacj\u0119?<\/strong><\/p>\n<p>Nie czekaj d\u0142u\u017cej! Pobierz nasz darmowy ebook ju\u017c teraz i rozpocznij swoj\u0105 podr\u00f3\u017c do samopoznania. Dowiedz si\u0119, jak dzi\u0119ki hipnozie odkry\u0107 swoje wewn\u0119trzne programy i blokady, i zacznij czerpa\u0107 jasne informacje i wskaz\u00f3wki na \u017cycie. Ta podr\u00f3\u017c mo\u017ce zmieni\u0107 Twoje \u017cycie na lepsze \u2013 pozw\u00f3l sobie na odkrycie pe\u0142ni swojego potencja\u0142u!<\/p>\n<p><strong>Pobierz teraz i zacznij swoj\u0105 przygod\u0119 z hipnoz\u0105!<\/strong><\/p>\n","protected":false},"excerpt":{"rendered":"<p>Odkryj swoj\u0105 prawdziw\u0105 natur\u0119 z darmowym ebookiem o hipnozie! Czy kiedykolwiek zastanawia\u0142e\u015b si\u0119, kim naprawd\u0119 jeste\u015b? Czy chcia\u0142by\u015b odkry\u0107 swoje najg\u0142\u0119bsze prawdy i zrozumie\u0107, co naprawd\u0119 kieruje Twoim \u017cyciem? Je\u015bli tak, mamy dla Ciebie idealne rozwi\u0105zanie \u2013 darmowy ebook, kt\u00f3ry wprowadzi Ci\u0119 w fascynuj\u0105cy \u015bwiat hipnozy i pomo\u017ce odkry\u0107 Twoj\u0105 prawdziw\u0105 natur\u0119! Dlaczego warto si\u0119gn\u0105\u0107 [&hellip;]<\/p>\n","protected":false},"featured_media":6809,"comment_status":"open","ping_status":"closed","template":"","meta":{"inline_featured_image":false},"product_cat":[100],"product_tag":[],"_links":{"self":[{"href":"https:\/\/annajuchniewicz.pl\/sklep\/wp-json\/wp\/v2\/product\/6807"}],"collection":[{"href":"https:\/\/annajuchniewicz.pl\/sklep\/wp-json\/wp\/v2\/product"}],"about":[{"href":"https:\/\/annajuchniewicz.pl\/sklep\/wp-json\/wp\/v2\/types\/product"}],"replies":[{"embeddable":true,"href":"https:\/\/annajuchniewicz.pl\/sklep\/wp-json\/wp\/v2\/comments?post=6807"}],"wp:featuredmedia":[{"embeddable":true,"href":"https:\/\/annajuchniewicz.pl\/sklep\/wp-json\/wp\/v2\/media\/6809"}],"wp:attachment":[{"href":"https:\/\/annajuchniewicz.pl\/sklep\/wp-json\/wp\/v2\/media?parent=6807"}],"wp:term":[{"taxonomy":"product_cat","embeddable":true,"href":"https:\/\/annajuchniewicz.pl\/sklep\/wp-json\/wp\/v2\/product_cat?post=6807"},{"taxonomy":"product_tag","embeddable":true,"href":"https:\/\/annajuchniewicz.pl\/sklep\/wp-json\/wp\/v2\/product_tag?post=6807"}],"curies":[{"name":"wp","href":"https:\/\/api.w.org\/{rel}","templated":true}]}}