{"id":6181,"date":"2023-12-16T05:10:05","date_gmt":"2023-12-16T04:10:05","guid":{"rendered":"https:\/\/annajuchniewicz.pl\/sklep\/?page_id=6181"},"modified":"2023-12-16T05:12:01","modified_gmt":"2023-12-16T04:12:01","slug":"regulamin-platforma","status":"publish","type":"page","link":"https:\/\/annajuchniewicz.pl\/sklep\/regulamin-platforma\/","title":{"rendered":"Regulamin &#8211; Platforma"},"content":{"rendered":"\t\t<div data-elementor-type=\"wp-page\" data-elementor-id=\"6181\" class=\"elementor elementor-6181\">\n\t\t\t\t\t\t\t\t\t<section class=\"elementor-section elementor-top-section elementor-element elementor-element-47847dc1 elementor-section-boxed elementor-section-height-default elementor-section-height-default\" data-id=\"47847dc1\" data-element_type=\"section\">\n\t\t\t\t\t\t<div class=\"elementor-container elementor-column-gap-default\">\n\t\t\t\t\t<div class=\"elementor-column elementor-col-100 elementor-top-column elementor-element elementor-element-403a6753\" data-id=\"403a6753\" data-element_type=\"column\">\n\t\t\t<div class=\"elementor-widget-wrap elementor-element-populated\">\n\t\t\t\t\t\t\t\t<div class=\"elementor-element elementor-element-8ea9cd3 elementor-widget elementor-widget-text-editor\" data-id=\"8ea9cd3\" data-element_type=\"widget\" data-widget_type=\"text-editor.default\">\n\t\t\t\t<div class=\"elementor-widget-container\">\n\t\t\t<style>\/*! elementor - v3.18.0 - 08-12-2023 *\/\n.elementor-widget-text-editor.elementor-drop-cap-view-stacked .elementor-drop-cap{background-color:#69727d;color:#fff}.elementor-widget-text-editor.elementor-drop-cap-view-framed .elementor-drop-cap{color:#69727d;border:3px solid;background-color:transparent}.elementor-widget-text-editor:not(.elementor-drop-cap-view-default) .elementor-drop-cap{margin-top:8px}.elementor-widget-text-editor:not(.elementor-drop-cap-view-default) .elementor-drop-cap-letter{width:1em;height:1em}.elementor-widget-text-editor .elementor-drop-cap{float:left;text-align:center;line-height:1;font-size:50px}.elementor-widget-text-editor .elementor-drop-cap-letter{display:inline-block}<\/style>\t\t\t\t<div class=\"lh166\">\n<p><strong>Regulamin platformy z kursami online<\/strong><\/p>\n<p>\u00a7 1. Postanowienia og\u00f3lne<\/p>\n<ol>\n<li>\n<p>Regulamin okre\u015bla zasady korzystania z platformy z kursami online dost\u0119pnej pod adresem annajuchniewicz.pl\/sklep. Platforma jest prowadzona przez FINEDOR SP\u00d3\u0141KA Z OGRANICZON\u0104 ODPOWIEDZIALNO\u015aCI\u0104, z siedzib\u0105 pod adresem G\u00f3rna 32 \/ 4, 15-523 Grab\u00f3wka, Polska, zwanej dalej &#8222;Administratorem&#8221;.<\/p>\n<\/li>\n<li>\n<p>Administrator prowadzi platform\u0119 w celu \u015bwiadczenia kurs\u00f3w online.<\/p>\n<\/li>\n<li>\n<p>Korzystanie z platformy oznacza akceptacj\u0119 niniejszego Regulaminu.<\/p>\n<\/li>\n<li>\n<p>Regulamin jest integraln\u0105 cz\u0119\u015bci\u0105 umowy zawartej mi\u0119dzy U\u017cytkownikiem a Administratorem platformy.<\/p>\n<\/li>\n<\/ol>\n<p>\u00a7 2. Zakres us\u0142ug<\/p>\n<ol>\n<li>\n<p>Platforma umo\u017cliwia dost\u0119p do kurs\u00f3w online z zakresu [tematyka kurs\u00f3w].<\/p>\n<\/li>\n<li>\n<p>Administrator zastrzega sobie prawo do zmiany oferowanych kurs\u00f3w, ich zakresu oraz warunk\u00f3w dost\u0119pu.<\/p>\n<\/li>\n<li>\n<p>Informacje o kursach, w tym ich opisy, warunki uczestnictwa i ceny, s\u0105 podane na stronie platformy.<\/p>\n<\/li>\n<\/ol>\n<p>\u00a7 3. Rejestracja i korzystanie z platformy<\/p>\n<ol>\n<li>\n<p>Do korzystania z platformy wymagane jest za\u0142o\u017cenie konta u\u017cytkownika.<\/p>\n<\/li>\n<li>\n<p>U\u017cytkownik jest odpowiedzialny za zachowanie poufno\u015bci danych logowania i nie udost\u0119pnianie ich osobom trzecim.<\/p>\n<\/li>\n<li>\n<p>Zabrania si\u0119 udost\u0119pniania materia\u0142\u00f3w kursowych osobom nieb\u0119d\u0105cym uczestnikami platformy.<\/p>\n<\/li>\n<\/ol>\n<p>\u00a7 4. Prawa autorskie<\/p>\n<ol>\n<li>\n<p>Materia\u0142y udost\u0119pnione na platformie s\u0105 chronione prawami autorskimi i s\u0105 w\u0142asno\u015bci\u0105 Administratora lub podmiot\u00f3w trzecich, z kt\u00f3rymi Administrator zawar\u0142 stosowne umowy.<\/p>\n<\/li>\n<li>\n<p>U\u017cytkownik nie ma prawa do kopiowania, dystrybuowania lub wykorzystywania materia\u0142\u00f3w kursowych w celach komercyjnych bez zgody Administratora.<\/p>\n<\/li>\n<\/ol>\n<p>\u00a7 5. P\u0142atno\u015bci<\/p>\n<ol>\n<li>\n<p>Warunki p\u0142atno\u015bci za kursy s\u0105 okre\u015blone na stronie platformy.<\/p>\n<\/li>\n<li>\n<p>U\u017cytkownik zobowi\u0105zuje si\u0119 do terminowej zap\u0142aty za wybrany kurs.<\/p>\n<\/li>\n<\/ol>\n<p>\u00a7 6. Odpowiedzialno\u015b\u0107<\/p>\n<ol>\n<li>\n<p>Administrator nie ponosi odpowiedzialno\u015bci za ewentualne szkody wynik\u0142e z korzystania z platformy, chyba \u017ce wynikaj\u0105 one z ra\u017c\u0105cego niedbalstwa ze strony Administratora.<\/p>\n<\/li>\n<li>\n<p>Administrator nie gwarantuje ci\u0105g\u0142o\u015bci dzia\u0142ania platformy w przypadku awarii technicznych.<\/p>\n<\/li>\n<\/ol>\n<p>\u00a7 7. Postanowienia ko\u0144cowe<\/p>\n<ol>\n<li style=\"list-style-type: none;\">\n<ol>\n<li style=\"list-style-type: none;\">\n<ol>\n<li>\n<p>Niniejszy Regulamin mo\u017ce ulec zmianie. U\u017cytkownicy zostan\u0105 poinformowani o zmianach za po\u015brednictwem wiadomo\u015bci na stronie platformy.<\/p>\n<\/li>\n<li>\n<p>Zmiany w Regulaminie wchodz\u0105 w \u017cycie z chwil\u0105 ich opublikowania na stronie platformy.<\/p>\n<\/li>\n<li>\n<p>Regulamin nie przewiduje zwrot\u00f3w op\u0142at za zakupione kursy.<\/p>\n<\/li>\n<\/ol>\n<\/li>\n<\/ol>\n<\/li>\n<\/ol>\n<\/div>\t\t\t\t\t\t<\/div>\n\t\t\t\t<\/div>\n\t\t\t\t\t<\/div>\n\t\t<\/div>\n\t\t\t\t\t\t\t<\/div>\n\t\t<\/section>\n\t\t\t\t\t\t\t<\/div>\n\t\t","protected":false},"excerpt":{"rendered":"<p>Regulamin platformy z kursami online \u00a7 1. Postanowienia og\u00f3lne Regulamin okre\u015bla zasady korzystania z platformy z kursami online dost\u0119pnej pod adresem annajuchniewicz.pl\/sklep. Platforma jest prowadzona przez FINEDOR SP\u00d3\u0141KA Z OGRANICZON\u0104 ODPOWIEDZIALNO\u015aCI\u0104, z siedzib\u0105 pod adresem G\u00f3rna 32 \/ 4, 15-523 Grab\u00f3wka, Polska, zwanej dalej &#8222;Administratorem&#8221;. Administrator prowadzi platform\u0119 w celu \u015bwiadczenia kurs\u00f3w online. Korzystanie z [&hellip;]<\/p>\n","protected":false},"author":1,"featured_media":0,"parent":0,"menu_order":0,"comment_status":"closed","ping_status":"open","template":"","meta":{"inline_featured_image":false,"footnotes":""},"_links":{"self":[{"href":"https:\/\/annajuchniewicz.pl\/sklep\/wp-json\/wp\/v2\/pages\/6181"}],"collection":[{"href":"https:\/\/annajuchniewicz.pl\/sklep\/wp-json\/wp\/v2\/pages"}],"about":[{"href":"https:\/\/annajuchniewicz.pl\/sklep\/wp-json\/wp\/v2\/types\/page"}],"author":[{"embeddable":true,"href":"https:\/\/annajuchniewicz.pl\/sklep\/wp-json\/wp\/v2\/users\/1"}],"replies":[{"embeddable":true,"href":"https:\/\/annajuchniewicz.pl\/sklep\/wp-json\/wp\/v2\/comments?post=6181"}],"version-history":[{"count":4,"href":"https:\/\/annajuchniewicz.pl\/sklep\/wp-json\/wp\/v2\/pages\/6181\/revisions"}],"predecessor-version":[{"id":6185,"href":"https:\/\/annajuchniewicz.pl\/sklep\/wp-json\/wp\/v2\/pages\/6181\/revisions\/6185"}],"wp:attachment":[{"href":"https:\/\/annajuchniewicz.pl\/sklep\/wp-json\/wp\/v2\/media?parent=6181"}],"curies":[{"name":"wp","href":"https:\/\/api.w.org\/{rel}","templated":true}]}}